= 4*f + 11 - 76, -3*f + 75 = -3*q. Suppose 2*m + 2*b = 26, -4*m - 2*b = -6*b - f. Calculate the remainder when m is divided by 4.
1
Suppose 0 = -3*f - s + 49, -5*f + 75 = 2*s + s. Let z(v) = -2011*v + 48337. What is the remainder when z(24) is divided by f?
1
Suppose -2*b - 27*v + 175 = -24*v, -b + 2*v + 98 = 0. Calculate the remainder when b is divided by 68.
24
Let t = 279 - 107. Let x(a) = a**3 + 7*a**2 + 6*a - 2. Let j be x(-8). Let s = j + t. Calculate the remainder when s is divided by 10.
8
Suppose -7*i = 21*i - 154364. Calculate the remainder when i is divided by 14.
11
Suppose -4*w = -6*p + 3*p + 73, -49 = -3*p - 2*w. Let u = 1574 + -1563. What is the remainder when p is divided by u?
8
Let j(b) = -b**3 + 9*b**2 - 11*b - 8. Let o be j(4). Let z = o - -87. Calculate the remainder when z is divided by 30.
25
Suppose 5*a - 170 = 5*i, -149*i = a - 151*i - 35. Calculate the remainder when 474 is divided by a.
12
What is the remainder when (-1057)/21*(-4)/(8/30) is divided by 129?
110
Let l = -16 - -28. Suppose t + x = 8, -5*t + 5*x = -t - 77. What is the remainder when (-47)/(t/(-26)*(-2)/(-1)) is divided by l?
11
Let l be (-434160)/(-560) - (0 + (-2)/(-7)). Let n = l + -755. What is the remainder when 169 is divided by n?
9
Let q be ((-6)/(-5))/(-1 - (-35)/25). Suppose 0 = 3*g + q*g - 300. What is the remainder when 22 is divided by 2/2 - g/(-10)?
4
Suppose -3*z + 59 = -4*g + 6, -3*z - 5*g + 62 = 0. What is the remainder when 1366 is divided by z?
17
Let w(y) = 66*y - 3 - 3 - 2 - 76*y. Let z be w(-5). Suppose 4*p = 6 + z. What is the remainder when p is divided by 3?
0
Suppose 64*k = 79*k - 555. Let a = -1991 + 2138. Calculate the remainder when a is divided by k.
36
Suppose -20*v - 28 + 308 = 0. Suppose s + 5 = 0, -3*n + 0*s - 2*s + v = 0. Calculate the remainder when (35 + -1)*(7 + -6) is divided by n.
2
Let i(d) = -29*d - 89. Let h be i(-16). Let u = 403 - h. Calculate the remainder when u is divided by 6.
4
Suppose 61*p - 63*p + 55*p = 6625. Calculate the remainder when 244 is divided by p.
119
Suppose 2*m + 10178 = -r + 3*r, -5*m - 5077 = -r. Suppose -37*a + r = 1947. What is the remainder when a is divided by 18?
13
Let u(b) = 3*b**2 + 6*b - 2. Let r = -43 - -48. Let k be u(r). Suppose 3*m - k = -79. Calculate the remainder when m is divided by 4.
0
Let c(o) = o**3 - 6*o**2 - o + 5. Let t be 4*1*(-56)/(-32). Let r = -41 + 67. Calculate the remainder when c(t) is divided by r.
21
Suppose -10*i + 6230 = -2*s, -1466 = -4*i - 5*s + 997. What is the remainder when i is divided by 20?
2
Suppose u = 3*a + 2 + 4, u = -2*a + 31. Suppose 79 = 5*z - 41. Let r = z - 12. What is the remainder when u is divided by r?
9
Let n = 6485 - 6333. Calculate the remainder when 4252 is divided by n.
148
Let r(d) = 2*d**2 - 26*d + 127. Let o(g) = 13*g**2 - 7*g + 4. Let z be o(1). Calculate the remainder when 669 is divided by r(z).
66
Let h = -5593 - -6640. Calculate the remainder when h is divided by 151.
141
Let i be (-3)/(-9) - 1090/(-6). Suppose -424*b = -422*b - i. Calculate the remainder when b is divided by 47.
44
Suppose 43*a = 252318 + 76718. Calculate the remainder when a is divided by 2549.
5
Suppose 0 = -150*m + 5663 + 6337. Calculate the remainder when m is divided by 29.
22
Suppose 15*w = 575 + 250. Suppose -16 = -51*s + w*s, -3*y = 5*s - 40. What is the remainder when 79 is divided by y?
19
Let q(c) = 4 - 4*c**2 + 9 - c**3 - 17 + 1 + 4*c. Let b be q(-5). Calculate the remainder when 81*((-20)/12 + b) is divided by 14.
13
Let z(o) = -12*o - 33. Let r be (18/8)/1*696/(-261). Calculate the remainder when z(r) is divided by 21.
18
Let u = 61 - 37. What is the remainder when -20*3/(-18)*12 is divided by 96/u - (1 + -4)?
5
Suppose 24 - 237 = -3*w. Suppose -m - 5*k = -86, 0 = -2*m + 38*k - 40*k + 188. Suppose 15*i - 19*i + m = 0. What is the remainder when w is divided by i?
23
Let z be 36/(-81) + 66/27. Suppose 7*l + z*v = 6*l + 55, -2*v = -l + 71. Let u(f) = -2*f + 8. What is the remainder when l is divided by u(-7)?
19
Suppose -91 = -5*a - k, k - 2 = -k. What is the remainder when 146 is divided by a?
2
Let y(i) = -3*i**3 - 12*i**2 - 39*i + 3. Let b be y(-5). Let c = b - 214. Calculate the remainder when 352 is divided by c.
57
Let n be 1 - (-3)/6 - 260/(-8). Suppose b + 3*c = 11, -49 = -4*b + c + n. What is the remainder when 64 is divided by b?
4
Suppose 11*t = 6*t + 3*n + 219, 5*n + 215 = 5*t. Suppose -46 = 3*o - 5*o. Calculate the remainder when t is divided by o.
22
Let o(g) = g**2. Let c(m) = m**3 - 20*m**2 + 4*m - 2. Let x(w) = -c(w) - 6*o(w). Calculate the remainder when x(13) is divided by 24.
23
Let f be 1/(4/268) - -1. Let p = f - 44. Let l = p - 1. Calculate the remainder when 43 is divided by l.
20
Suppose 5*r - 151 = 29. Let l = 42 - r. Suppose 5*k = l*k - 28. Calculate the remainder when k is divided by 10.
8
Calculate the remainder when 5618/15 - (-4)/(-20) - (-1)/(-3) is divided by 76.
70
Suppose 0 = 8*f - 10765 + 1389. Suppose f = 5*w - 223. Calculate the remainder when w is divided by 40.
39
Suppose 0 = -c + 6*a - 4*a + 2, 4*c + 4*a = 8. Suppose 5*s + 458 = 3*g, -c*s + 722 = 53*g - 48*g. What is the remainder when g is divided by 25?
21
Let i(k) = 34*k**2 + 4*k - 4. Let b be i(1). Suppose 0 = -40*d + b*d + 2586. Calculate the remainder when d is divided by 36.
35
Suppose -5*s = p - 29, 0 = 2*p - 4*p + 4*s - 12. Suppose p*g = -2*a + a + 31, -2*a = g - 83. Calculate the remainder when 97 is divided by a.
11
Let j(u) = 24*u**2 - 2*u + 1. Suppose 0 = -3*n + 3, 8*d - 4*n + 1 = 5*d. What is the remainder when 55 is divided by j(d)?
9
Let q(k) = -7*k - 38. Let p(h) = -3*h - 19. Let m(s) = -5*p(s) + 2*q(s). Suppose 37*n + 82 + 79 = -24. Calculate the remainder when 82 is divided by m(n).
12
Let x = 1282 + -1273. Let i(u) = -3*u**3 - 2*u**2 - u. Let l be i(-1). Suppose -d = l*a - 9 - 3, a + 2*d - x = 0. What is the remainder when 33 is divided by a?
3
What is the remainder when 1675 is divided by -4 - (12/24)/((-1)/24)?
3
Suppose 3*o - 109 = -5*v, 4*v + 2*o - 76 - 10 = 0. Let y = 686 - 598. What is the remainder when y is divided by v?
8
Let g(r) = 12 - 48*r - 4 + 1 - 1 - 2*r**2 + r**3. Suppose -3*d = 2*d - 195. What is the remainder when d is divided by g(-6)?
7
Suppose 2141 = -6*c + 5663. Suppose 3*z = -2*l + 539, 0 = 3*z - l - c + 60. Calculate the remainder when z is divided by 36.
33
Suppose -7*v = -r - 3806, 87*r = 90*r - 27. What is the remainder when v is divided by 93?
80
Let m = 28528 + -28525. Calculate the remainder when 5046 is divided by m.
0
Suppose 2*g = -2, 0 = -15*a + 20*a - 2*g - 1042. Suppose -28 = 4*d + 4*h - a, -3*d = -3*h - 135. Calculate the remainder when 132 is divided by d.
42
Suppose 0*o + 11*o - 352 = 0. Let b(q) = 3*q + 5. Suppose 3*m + 3*n = 60, -2*n - 23 = -0*m - m. Calculate the remainder when b(o) is divided by m.
17
Let k(f) = 242*f - 39. Let v = -51 - -126. Calculate the remainder when k(2) is divided by v.
70
Let f(k) = 33*k - 18. Calculate the remainder when 147 is divided by f(1).
12
Suppose -476*w = -314*w - 16686. What is the remainder when w is divided by 46?
11
Let y = -17012 + 17175. Calculate the remainder when 9778 is divided by y.
161
Suppose 4*f - 3*q + 403 - 35 = 0, -2*f = -5*q + 198. Let r = f + 89. What is the remainder when (-5 - -128)/(2 - (1 + r)) is divided by 14?
11
Let o be ((-9)/36)/(1/(-124)). Suppose o*q + 48 = 37*q. Let x = 5 + -2. What is the remainder when q is divided by x?
2
Let s(v) = -21*v - 71. Let k be s(-7). Suppose -3*z - 4*y - k = -8*z, 5*y = -3*z + 53. What is the remainder when 47 is divided by z?
15
Let n = -8286 - -19806. Calculate the remainder when n/252 + ((-24)/14 - -2) is divided by 7.
4
Suppose 3*v = d + 99, 9*d - 139 = -4*v + 8*d. Suppose -135 = -39*r + v*r. Calculate the remainder when r is divided by 16.
11
Suppose -134 = -3*r + 23*r - 5034. Calculate the remainder when r is divided by (5 + -3)*1/(-2) + 20.
17
Let s be 1 + -1 + (7 - 7). Suppose -4*i + 2*d + 86 = s, -4*d + 63 = 2*i - 9*d. Calculate the remainder when 187 is divided by i.
16
Let j(f) = f**2 + 24*f + 29. Let q = 1536 - 1532. What is the remainder when j(-23) is divided by q?
2
Let s(j) = j**3 - 25*j**2 + 20. Let d be s(25). Calculate the remainder when 96 is divided by (d/(-8) - -1)/(